hat is -131 + 1086?
855
In base 2, what is 10111010000100100011 + -11?
10111010000100100000
In base 5, what is 23 - 101301?
-101223
In base 15, what is 6 - 819?
-813
In base 8, what is 107 - 10?
77
In base 14, what is -c + -10612?
-10620
In base 6, what is 2050243 + 5?
2050252
In base 9, what is -4 - -21328?
21324
In base 14, what is ba7 + 65?
c2c
In base 3, what is 210122010 + 2?
210122012
In base 8, what is -7643 - -4?
-7637
In base 3, what is 211111211022 + 12?
211111211111
In base 4, what is 1213112 + -1031?
1212021
In base 12, what is 32 + -1449?
-1417
In base 5, what is -131314 - 213?
-132032
In base 15, what is 6417 - -1?
6418
In base 3, what is 220021221 + 11?
220022002
In base 2, what is 11111 - 100011001011?
-100010101100
In base 4, what is 32023 + -23?
32000
In base 3, what is -1 + 11011101001?
11011101000
In base 4, what is 22 - 231112?
-231030
In base 13, what is -11 - -2a35?
2a24
In base 15, what is 178 + -220c?
-2084
In base 4, what is -21231122132 + -2?
-21231122200
In base 6, what is 2 - 40433334?
-40433332
In base 16, what is -b8 + 82?
-36
In base 14, what is -6dd4 + 22?
-6db2
In base 2, what is 110000011100000010011 + 11?
110000011100000010110
In base 3, what is -10011100001 + 100?
-10011022201
In base 8, what is -4 + -614766?
-614772
In base 6, what is -552 + -425?
-1421
In base 12, what is 34a02 + 3?
34a05
In base 15, what is 10 + bbe?
bce
In base 14, what is -68058 - 0?
-68058
In base 15, what is a + -1367a?
-13670
In base 10, what is 49245 - -1?
49246
In base 6, what is 244412441 - -2?
244412443
In base 8, what is 2 - -24761?
24763
In base 4, what is -232203 + 122?
-232021
In base 7, what is -43 + -1365?
-1441
In base 2, what is -1001001 - -1000011111?
111010110
In base 10, what is 144958 + -2?
144956
In base 15, what is 2 + -29e3?
-29e1
In base 4, what is -201333 + 23321?
-112012
In base 14, what is -9 + 5d3cc?
5d3c3
In base 5, what is 4 - -34203?
34212
In base 15, what is 2 - -94ee?
9501
In base 5, what is -4032 + 14?
-4013
In base 4, what is -1231 - -333?
-232
In base 10, what is -480 - -1061?
581
In base 5, what is -13030 - 1233?
-14313
In base 9, what is -174 - -251?
66
In base 9, what is 2826 - -188?
3125
In base 5, what is -200 + 10330?
10130
In base 3, what is -2002201 + -1100?
-2011001
In base 11, what is -6a3288 - -5?
-6a3283
In base 3, what is 10201021222 + 2001?
10201101000
In base 16, what is 1 + 106ee?
106ef
In base 5, what is -311 - 1342?
-2203
In base 9, what is 68637 - -2?
68640
In base 2, what is 1100110101 - 1010010?
1011100011
In base 3, what is 12 - -210220202?
210220221
In base 10, what is 4 - 412620?
-412616
In base 13, what is -4aa11 + -3?
-4aa14
In base 14, what is 5 - 2268c?
-22687
In base 9, what is -3120 - -21?
-3088
In base 15, what is 42c8 + 4?
42cc
In base 16, what is 799 - -5?
79e
In base 3, what is -2101111202101 - 10?
-2101111202111
In base 7, what is -5 - -20101?
20063
In base 16, what is -9efb3 - -1?
-9efb2
In base 9, what is 222462 - 3?
222458
In base 10, what is -1563 - 10?
-1573
In base 12, what is -60a - 135?
-743
In base 9, what is 25 + -106016?
-105881
In base 9, what is 121434 + 2?
121436
In base 16, what is -f63a7 + -3?
-f63aa
In base 15, what is 2eee - -8?
3007
In base 14, what is 8 + 73d?
747
In base 5, what is 112232132 - -2?
112232134
In base 10, what is 4 - 249945?
-249941
In base 13, what is -18690 - -1?
-1868c
In base 10, what is 2961 - 30?
2931
In base 4, what is 1122032031 + -11?
1122032020
In base 8, what is -107 + -4240?
-4347
In base 4, what is -13 + -300120?
-300133
In base 12, what is b92a4 + 0?
b92a4
In base 10, what is 1 - -1103184?
1103185
In base 15, what is -d + 6b4?
6a6
In base 9, what is -103 - 46005?
-46108
In base 5, what is -1 - 1444220?
-1444221
In base 8, what is -4 - -1204624?
1204620
In base 4, what is 2322 - -11001?
13323
In base 14, what is -a918 - 13?
-a92b
In base 10, what is -5 - -959455?
959450
In base 8, what is 124 + -1223?
-1077
In base 4, what is 1312 + 1331100?
1333012
In base 11, what is 92 - 4301?
-421a
In base 12, what is 16b778 + -1?
16b777
In base 5, what is 3 + 3121440?
3121443
In base 16, what is -24ce7 + -2?
-24ce9
In base 16, what is e - -b09?
b17
In base 14, what is -d + ba4?
b95
In base 15, what is 203 - -63?
266
In base 5, what is 14220 - -2241?
22011
In base 6, what is 31 + -2220?
-2145
In base 4, what is -3 - -1312000330?
1312000321
In base 6, what is -5 - -20300?
20251
In base 12, what is -191920b - 2?
-1919211
In base 12, what is 6b6a4 - -5?
6b6a9
In base 11, what is 114024 - -8?
114031
In base 4, what is 113 + -3013110?
-3012331
In base 14, what is -106b89 - 0?
-106b89
In base 3, what is 10020 - -1201022221?
1201110011
In base 9, what is 1 + 318114?
318115
In base 8, what is 2 + -2372214?
-2372212
In base 12, what is -17474 - -2?
-17472
In base 4, what is -123 - -33221?
33032
In base 5, what is -2212010 + 3?
-2212002
In base 8, what is -1650430 + -14?
-1650444
In base 3, what is -1222 + -1100022?
-1102021
In base 16, what is 26 - 1941f?
-193f9
In base 11, what is -33 - -5?
-29
In base 16, what is 33ca + 3a?
3404
In base 15, what is -2556a + -2?
-2556c
In base 13, what is -63 + -2?
-65
In base 10, what is -712 + 0?
-712
In base 8, what is -61470 - 6?
-61476
In base 2, what is -11111101010000110 + -110?
-11111101010001100
In base 9, what is 14 - -15011?
15025
In base 15, what is -2 + 6636?
6634
In base 7, what is 0 + 52410?
52410
In base 16, what is 68 - -4e?
b6
In base 5, what is -10012123 + -3?
-10012131
In base 8, what is 5307547 + 2?
5307551
In base 7, what is -236 - 6?
-245
In base 15, what is 7 + -30c96?
-30c8e
In base 6, what is 344 - -114315?
115103
In base 14, what is -5818c1 + 0?
-5818c1
In base 7, what is 0 - 234603?
-234603
In base 3, what is -222 - 20012100?
-20020022
In base 2, what is -101 + -1100001011110001?
-1100001011110110
In base 2, what is 10 + 1001000111111?
1001001000001
In base 9, what is -183 - -3117?
2824
In base 10, what is -29848 - -5?
-29843
In base 15, what is 7 + 552a9?
552b1
In base 13, what is 1708 + 1b?
1726
In base 16, what is 9 + 2111?
211a
In base 10, what is -8 - -6760?
6752
In base 9, what is 281276 + 0?
281276
In base 10, what is 3 + 1001?
1004
In base 12, what is -99182 - 0?
-99182
In base 2, what is -110 + 1101000100?
1100111110
In base 7, what is -14511422 - 5?
-14511430
In base 5, what is -1232 - -2221?
434
In base 12, what is 1448 + -149?
12bb
In base 16, what is -1446a + -1?
-1446b
In base 7, what is 2134 + 1150?
3314
In base 4, what is -2112210013 - 2?
-2112210021
In base 10, what is -1 + -121851?
-121852
In base 12, what is 4632 + -4?
462a
In base 9, what is -1247 - -172?
-1065
In base 5, what is 2210301 - -10?
2210311
In base 6, what is -30133440 - 4?
-30133444
In base 8, what is -2 - 135135?
-135137
In base 11, what is 5951133 - -2?
5951135
In base 5, what is -43232414 - 4?
-43232423
In base 11, what is 5 - 137242?
-137238
In base 15, what is 2 - -ada7?
ada9
In base 15, what is 921 - -2d?
94e
In base 9, what is 668308 - -10?
668318
In base 7, what is -15535 - 155?
-16023
In base 15, what is 4 - -92db?
92e0
In base 2, what is 10110100101 - 10110?
10110001111
In base 8, what is 135 - -4247?
4404
In base 7, what is 55 - -22666?
23054
In base 10, what is -52991 + -4?
-52995
In base 9, what is -11 + 28780?
28768
In base 15, what is -142d + 5?
-1428
In base 12, what is 32 + -17b?
-149
In base 7, what is 42 + 6144?
6216
In base 6, what is 1554134 - -1?
1554135
In base 10, what is -1384043 - 3?
-1384046
In base 9, what is -252 + -1877?
-2240
In base 7, what is -110 + 2114?
2004
In base 16, what is -5 + f3bb?
f3b6
In base 13, what is 2 - 1563?
-1561
In base 5, what is 12213422 - -43?
12214020
In base 10, what is 57077 - 1?
57076
In base 16, what is -2e2198 + -2?
-2e219a
In base 6, what is 52020051 - 5?
52020042
In base 8, what is -227 + 402?
153
In base 16, what is -3 - -12847?
12844
In base 8, what is 130156 - 1?
130155
In base 9, what is -3214 - -3?
-3211
In base 8, what is 253 + -10413?
-10140
In base 13, what is 1b3 + -8a?
126
In base 15, what is -1 + -4198?
-4199
In base 9, what is 1143 - 103?
1040
In base 4, what is -103222 - -103301?
13
In base 14, what is 1 - 24d89?
-24d88
In base 7, what is 110 - -206022?
206132
In base 7, what is -10436 - 51?
-10520
In base 4, what is 